isor of y and b.
28
Let k = 23 - 88. Let c be k/2*(5 + 93/(-15)). Calculate the highest common divisor of c and 39.
39
Let f(y) = y**3 - 3*y**2 + 37*y - 147. Let k be f(5). Calculate the highest common factor of 40 and k.
8
Let a(u) = 18 - 43 + 26*u + 21 + 20. Let g be a(0). What is the greatest common factor of g and 48?
16
Let f be (38/(-4))/((-2)/4). Let x = 291 + -234. Let l be x*((-5)/(45/(-12)) + 0). Calculate the greatest common divisor of l and f.
19
Suppose o + 5*h - 21 = -2*o, -15 = -3*o - 3*h. Suppose -4*w + 4*s + 12 = 0, -w - 7 + o = -3*s. Calculate the highest common divisor of 112 and w.
7
Let n be 6/(-5)*110/(-44). Suppose -t + 22 = t - 4*i, -n*t = 5*i. Calculate the greatest common factor of 40 and t.
5
Let p = 66 + -39. Suppose -4*z + 108 = 92. Let n be 1/z - (-66)/24. What is the highest common divisor of n and p?
3
Let s(q) be the second derivative of -q**4/12 + q**3/2 + 75*q**2/2 + q - 4. Let k be s(0). What is the greatest common factor of 100 and k?
25
Suppose 11 = 2*f + 3*a - 0*a, -3*a + 13 = 4*f. Let r be 1/((-1)/((-42)/f)). Let k = -179226 + 179604. What is the highest common divisor of k and r?
42
Suppose 5*x + 717 = 2*n, -4*n - 5*x + 918 = -531. Calculate the highest common factor of n and 1216.
19
Let n(a) = 5*a - 114. Let v be n(23). Let g be v/5 - (-7700)/250. Calculate the greatest common factor of g and 837.
31
Let l be -1*(60/(-3))/4. Let f = 65 + l. Calculate the greatest common divisor of f and 50.
10
Let w(a) = 7*a + 4. Let c be w(3). Suppose 2*j - 741 = -2*v + 5*v, 3*v - 9 = 0. Suppose -n = 4*n - j. Calculate the highest common divisor of c and n.
25
Let q(m) = -2*m + 12. Let n be q(-16). Let y be (-286)/78*(-5*3 + -3). What is the greatest common factor of n and y?
22
Let x = -148 - -150. Suppose 5*t - 166 = -4*j + 44, 0 = x*t + 4*j - 84. What is the greatest common divisor of 14 and t?
14
Let c be ((-105)/(-210))/(1995/(-13390) - 2/(-13)). Calculate the highest common factor of c and 1.
1
Let a = -218 - -357. Let b = 140 - a. What is the greatest common divisor of 10 and b?
1
Let s(d) = -2*d**3 + 12*d**2 - d + 9. Let q be s(5). Calculate the greatest common factor of q and 336.
6
Let j(g) = 902*g - 1032. Let f be j(4). Calculate the highest common factor of 32 and f.
16
Let w(f) = 12*f**2 + 2*f + 13*f**2 + 10*f**2 + f**3 - 38*f**2. Let r be w(6). Calculate the highest common factor of 36 and r.
12
Let h be (78/(-52))/((-73503)/(-14706) - 5). Calculate the greatest common divisor of 8 and h.
1
Let y(r) = 9*r - 3. Let v be y(3). Suppose -2*h + 2*j + 244 = -426, 3*j - 615 = -2*h. What is the highest common factor of v and h?
12
Let q be ((-18)/90 + -2 + 49/(-5))*-8. Suppose 0 = 3*v + 2*x - 100, 4*x + 6 = v - 4. Calculate the greatest common factor of q and v.
6
Let j = -38 + 106. Suppose 0 = 66*i - j*i + 20. Calculate the greatest common divisor of 160 and i.
10
Let c = 647 - 419. Let b(k) = -10*k + 302. Let u be b(29). What is the highest common divisor of c and u?
12
Suppose 58*h + 180 = 63*h. Suppose -4*n = -3*n - h. Calculate the greatest common divisor of 396 and n.
36
Suppose 23*y + 164 - 882 = 1375. Suppose 4*i - 2012 = -2*j + 2*i, 4*i = -3*j + 3023. What is the greatest common factor of j and y?
91
Suppose 0 = -4*f - 2*p + 6, -5*f + 4*p = p - 57. Let h be (-1 - 4)/((-3)/6). What is the greatest common factor of f and h?
2
Suppose -4*k + 109 = 3*y, -4*y + 220*k + 145 = 225*k. Let v = 9 + 14. Let z be 4/(-6) - v/(-3). Calculate the greatest common divisor of y and z.
7
Suppose -38*g + 56305 = 3875 - 884. What is the highest common factor of 161 and g?
23
Let k = -384 + 389. Suppose 0 = -t - z + 23, k = 3*z - 7. What is the highest common factor of t and 1?
1
Let k be 5*(-1)/(-10)*56. What is the highest common divisor of 63 and k?
7
Suppose -10*r - 121485 = -26*r + r. Calculate the greatest common factor of r and 13.
13
Let h be (-2)/(-3)*-2*(-12)/(-8). Let y be (h/3)/(2/(-36)). Suppose -3*x + 7*x - 96 = 0. What is the greatest common divisor of y and x?
12
Let s be 2/8*-4*(38 - 2781). Calculate the greatest common factor of s and 26.
13
Suppose 0 = 5*q + 5*f - 30165, 5*q + 6*f = 7*f + 30153. Calculate the highest common divisor of q and 163.
163
Let o = -6086 + 10546. Calculate the highest common factor of 20 and o.
20
Let s(h) = -10*h**3 + 2*h**2 + 130*h + 555. Let q be s(-4). What is the highest common factor of q and 42?
7
Suppose 123*r - 6783 = 1827. What is the greatest common factor of 160 and r?
10
Let k = -55094 + 78975. Calculate the greatest common factor of 26 and k.
13
Suppose 61897 = 52*m + 24197. What is the highest common factor of 435 and m?
145
Let p = -6347 + 7057. What is the greatest common divisor of 110 and p?
10
Let y be (-21)/105 - (-111)/5. Let b = y + -16. Calculate the highest common factor of b and 2.
2
Let s be 3 - (-4 - (2 - 3)). Let c = 16 - s. Let o be (0 + -1)*(-3 + -17). Calculate the highest common factor of c and o.
10
Suppose -2*a = 2*d - 920, -4*a + 195 + 727 = 2*d. Calculate the greatest common factor of d and 135.
27
Suppose -2*b = -177 - 95. Suppose q = -i + 31, 0 = 3*i - 2*i + 4*q - 22. Calculate the greatest common divisor of b and i.
34
Suppose -3*u + 22*r - 17*r + 226 = 0, 0 = -4*r + 16. Calculate the highest common factor of 8077 and u.
41
Suppose -d = 2*j - 22, 629*j + 22 = 631*j + 5*d. Let v = 519 - 321. What is the highest common factor of v and j?
11
Suppose 5*q = 630 + 1100. Let m = q - 227. Let d be (-190)/160*-28 - 48/(-64). Calculate the highest common factor of m and d.
17
Suppose 27 + 71 = 3*t - 4*k, -4*t + 124 = -4*k. Let u be 156/(-8)*((-2)/3 + 0). Calculate the highest common divisor of t and u.
13
Let q = -1234 - -1248. Calculate the greatest common divisor of 2282 and q.
14
Let o(x) = 29*x + 3 + 7*x**2 + 28*x - 52*x + 0. Let i be o(2). What is the highest common factor of 41 and i?
41
Let i = -104 + 220. Suppose 0*z + 3*r + i = 4*z, -12 = -3*r. Let o = 1443 + -1439. What is the highest common factor of o and z?
4
Suppose 0 = 11*z - 23*z + 20736. Suppose -2*s + z = 4*s. What is the highest common factor of s and 64?
32
Suppose -101*j + 878 + 536 = 0. Let k(q) = 27*q**2 - 4*q. Let c be k(-4). Calculate the highest common divisor of j and c.
14
Let v be (-19 - 29)*2/(-2 - 0). Let k be (48/(-18))/((-2)/v). Calculate the highest common divisor of k and 16.
16
Let w be 24/36 + -2 + (-3747)/(-9). Suppose 0 = 2*i + 5*j - 240, 2*j + w = 3*i + 55. What is the greatest common divisor of i and 16?
8
Suppose -2*g + 4*t = -60, 5*g - 9*t - 162 = -11*t. Calculate the highest common divisor of g and 1312.
32
Suppose 0 = 79*r - 1167 - 3257. What is the greatest common factor of r and 32?
8
Let w be (0 - 0)/(16 + -15) + 3. Suppose -3*x = w*h - 7 - 5, 2*x - 3*h = -2. What is the highest common factor of 46 and x?
2
Suppose 0 = 4*o - b - 8, 2*b = -3*o - 11*o + 72. Suppose 20 = 4*s + s. What is the highest common divisor of s and o?
4
Let o = 914 + 35738. Suppose -42*l = -8*l - o. What is the highest common factor of l and 14?
14
Let a = 34 + -30. Suppose -52 = -4*f + 4*r, -f + 4*r = -a*f + 11. Let v be ((-2)/10)/((-42)/(-15) - 3). Calculate the highest common factor of f and v.
1
Let b = 3556 + -3334. What is the highest common divisor of 33 and b?
3
Let c be (1411/5)/(4/(-5) - (-187 - -186)). Calculate the highest common factor of c and 272.
17
Suppose 0 = 2*s + 2*s - 28. Suppose 0 = -3*v + 6*c - 2*c + 84, 0 = -5*c - 15. Suppose -7 = -v*w + 23*w. Calculate the highest common divisor of w and s.
7
Suppose 5*m - 24*m = 57*m - 152. Calculate the highest common divisor of 13 and m.
1
Let m be 7398/33*2486/339. What is the highest common factor of m and 36?
12
Let j(d) = 4*d**2 + 56115*d**3 - 1 + 0*d - 56029*d**3 - d. Let u be j(1). Calculate the highest common divisor of 11 and u.
11
Suppose 0 = 23*s - 8247 - 1229. Let z = s + -338. Calculate the highest common factor of 370 and z.
74
Suppose -4*l + 2*y + 178 = 0, 4*l = 19*y - 18*y + 177. What is the highest common factor of l and 108?
4
Suppose 65 - 1 = 4*d. Suppose 8*v = 11*v + 3, 3*i + 2*v = 1966. What is the greatest common factor of d and i?
16
Let l = -78030 + 78054. Suppose -3*m - 2*m = -75. What is the highest common factor of m and l?
3
Let t = 11929 + -6559. What is the greatest common divisor of 15 